{"id":8,"date":"2024-11-23T21:20:02","date_gmt":"2024-11-23T20:20:02","guid":{"rendered":"http:\/\/innovamm.dyndns.org\/5gsostenible\/?page_id=8"},"modified":"2026-04-12T23:39:19","modified_gmt":"2026-04-12T21:39:19","slug":"resumen","status":"publish","type":"page","link":"http:\/\/innovamm.dyndns.org\/5gsostenible\/resumen\/","title":{"rendered":"resumen"},"content":{"rendered":"\n<p><p style=\"text-align:justify\">Investigar y desplegar redes 5G de diferente tipolog\u00eda y arquitectura en los centros participantes con los estudiantes de los ciclos formativos (CF) de grado medio de Instalaciones de Telecomunicaciones (IT), de grado superior de Sistemas de Telecomunicaciones e Inform\u00e1ticos (STI) y Mantenimiento Electr\u00f3nico (ME), y del certificado de profesionalidad de nivel 2 Montaje y mantenimiento de sistemas de telefon\u00eda e infraestructuras de redes locales de datos. Los departamentos de Fabricaci\u00f3n Mec\u00e1nica, FOL y de Electricidad-Electr\u00f3nica colaborar\u00e1n con Abaila para:<br>\u2022 Crear y desarrollar un reto interdisciplinar junto con los CF de Soldadura y calderer\u00eda y Construcciones Met\u00e1licas para:<br>\u25e6 Construir 2 torres de telecomunicaciones tipo AZ900.<br>\u25e6 Instalar y configurar nodos privados 5G distribuidos, de laboratorio, y con tecnolog\u00eda Open (OpenRan y SDR), as\u00ed como con con prototipos desarrollados espec\u00edficamente para este proyecto.<br>\u25e6 Instalar estaciones fotovoltaicas y alimentar los nodos 5G.<br>\u2022 Buscar nuevas ideas de negocio que exploten la 5G. Los estudiantes de los CF redactar\u00e1n planes de empresa enfocados a la innovaci\u00f3n social para dar a conocer y ofrecer al entorno social y productivo, especialmente a las PYMEs, la posibilidad de utilizar los nodos 5G instalados.<br>\u2022 Fomentar el emprendimiento social de los estudiantes de los CF:<br>\u25e6 Dar\u00e1n charlas en los centros de secundaria sobre el futuro de la tecnolog\u00eda m\u00f3vil, y los problemas de adicci\u00f3n y riesgos que existen por el uso indebido del mismo.<br>\u25e6 Formar\u00e1n un equipo STEAM de alumnas voluntarias de educaci\u00f3n secundaria, preparar\u00e1n actividades steam para interactuar con aplicaciones m\u00f3viles, y visitar\u00e1n asociaciones de mujeres para acercar la tecnolog\u00eda m\u00f3vil a mujeres con bajos recursos econ\u00f3micos y conocimientos t\u00e9cnicos.<\/p><\/p>\n\n\n\n<p><\/p>\n\n\n\n<pre class=\"wp-block-code\"><code>    <\/code><\/pre>\n\n\n\n<p><\/p>\n","protected":false},"excerpt":{"rendered":"<p>Investigar y desplegar redes 5G de diferente tipolog\u00eda y arquitectura en los centros participantes con los estudiantes de los ciclos formativos (CF) de grado medio de Instalaciones de Telecomunicaciones (IT), de grado superior de Sistemas de Telecomunicaciones e Inform\u00e1ticos (STI) y Mantenimiento Electr\u00f3nico (ME), y del certificado de profesionalidad de nivel 2 Montaje y mantenimiento<a class=\"more-link\" href=\"http:\/\/innovamm.dyndns.org\/5gsostenible\/resumen\/\">Seguir leyendo <span class=\"screen-reader-text\">\u00abresumen\u00bb<\/span><\/a><\/p>\n","protected":false},"author":1,"featured_media":0,"parent":0,"menu_order":0,"comment_status":"closed","ping_status":"closed","template":"","meta":{"footnotes":""},"class_list":["post-8","page","type-page","status-publish","hentry","entry"],"_links":{"self":[{"href":"http:\/\/innovamm.dyndns.org\/5gsostenible\/wp-json\/wp\/v2\/pages\/8","targetHints":{"allow":["GET"]}}],"collection":[{"href":"http:\/\/innovamm.dyndns.org\/5gsostenible\/wp-json\/wp\/v2\/pages"}],"about":[{"href":"http:\/\/innovamm.dyndns.org\/5gsostenible\/wp-json\/wp\/v2\/types\/page"}],"author":[{"embeddable":true,"href":"http:\/\/innovamm.dyndns.org\/5gsostenible\/wp-json\/wp\/v2\/users\/1"}],"replies":[{"embeddable":true,"href":"http:\/\/innovamm.dyndns.org\/5gsostenible\/wp-json\/wp\/v2\/comments?post=8"}],"version-history":[{"count":3,"href":"http:\/\/innovamm.dyndns.org\/5gsostenible\/wp-json\/wp\/v2\/pages\/8\/revisions"}],"predecessor-version":[{"id":283,"href":"http:\/\/innovamm.dyndns.org\/5gsostenible\/wp-json\/wp\/v2\/pages\/8\/revisions\/283"}],"wp:attachment":[{"href":"http:\/\/innovamm.dyndns.org\/5gsostenible\/wp-json\/wp\/v2\/media?parent=8"}],"curies":[{"name":"wp","href":"https:\/\/api.w.org\/{rel}","templated":true}]}}